{"id":66,"date":"2026-02-06T14:30:33","date_gmt":"2026-02-06T13:30:33","guid":{"rendered":"https:\/\/siti-clienti.bidesign.it\/case-vacanza\/prenota-ora\/"},"modified":"2026-02-06T14:30:48","modified_gmt":"2026-02-06T13:30:48","slug":"prenota-ora","status":"publish","type":"page","link":"https:\/\/siti-clienti.bidesign.it\/case-vacanza\/prenota-ora\/","title":{"rendered":"Prenota ora"},"content":{"rendered":"<style>.elementor-66 .elementor-element.elementor-element-22aa7e3a{--display:flex;--margin-top:0px;--margin-bottom:0px;--margin-left:0px;--margin-right:0px;--padding-top:0px;--padding-bottom:0px;--padding-left:0px;--padding-right:0px;}@media(min-width:768px){.elementor-66 .elementor-element.elementor-element-22aa7e3a{--content-width:1200px;}}<\/style>\t\t<div data-elementor-type=\"wp-page\" data-elementor-id=\"66\" class=\"elementor elementor-66\" data-elementor-settings=\"{&quot;ha_cmc_init_switcher&quot;:&quot;no&quot;}\">\n\t\t\t\t<div class=\"elementor-element elementor-element-22aa7e3a e-flex e-con-boxed wpr-particle-no wpr-jarallax-no wpr-parallax-no wpr-sticky-section-no wpr-equal-height-no e-con e-parent\" data-id=\"22aa7e3a\" data-element_type=\"container\" data-e-type=\"container\" data-settings=\"{&quot;_ha_eqh_enable&quot;:false}\">\n\t\t\t\t\t<div class=\"e-con-inner\">\n\t\t\t\t<div class=\"elementor-element elementor-element-2e5fd879 exad-sticky-section-no exad-glass-effect-no elementor-widget elementor-widget-shortcode\" data-id=\"2e5fd879\" data-element_type=\"widget\" data-e-type=\"widget\" data-widget_type=\"shortcode.default\">\n\t\t\t\t\t\t\t<div class=\"elementor-shortcode\"><div class=\"mphb_sc_rooms-wrapper mphb-room-types \">    <div class=\"rooms-wrapper\">\n\t\n<div class=\"mphb-room-type post-89 mphb_room_type type-mphb_room_type status-publish has-post-thumbnail mphb_room_type_facility-2-bagni mphb_room_type_facility-animali-domestici-ammessi mphb_room_type_facility-aria-condizionata mphb_room_type_facility-cucina mphb_room_type_facility-lavatrice mphb_room_type_facility-parcheggio-gratuito-in-strada mphb_room_type_facility-spazio-di-lavoro-dedicato mphb_room_type_facility-tv mphb_room_type_facility-wi-fi mphb-room-type-adults-6 mphb-room-type-children-0 \">\n\n\t\n\t\n\n\t<div class=\"mphb-room-type-images\">\n\t\n\t<\/div>\n\t        <div class=\"mphb-room-type-content-wrapper\">\n            <div class=\"mphb-room-type-content\">\n\t\t\t\t                    <div class=\"mphb-room-type-description\">\n\t\t\t\t\t\t\n<h2 class=\"mphb-room-type-title entry-title\">\n\n<a class=\"mphb-room-type-title\" href=\"https:\/\/siti-clienti.bidesign.it\/case-vacanza\/accommodation\/casafonti25-urbangardenmetroa\/\">CasaFonti25 -UrbanGarden[MetroA]<\/a>\n\n<\/h2>\n                            <div class=\"mphb-room-type-excerpt\">\n\t\t\t\t\t\t\t\t\n\n<p>Benvenuti nella nostra ampia e confortevole casa a Roma situata in un quartiere centrale, fornito di tutti i servizi (ristoranti, supermercati, farmacie). La sua pozione strategica \u00e8 ideale per esplorare Roma e raggiungere i principali monumenti storici con comodit\u00e0 (100 metri Metro A &#8211; Furio Camillo, Colosseo 20 minuti). Dotata di ogni comfort necessario ed appena ristrutturata, dispone di 2 camere matrimoniali, 2 bagni completi ed un ampio spazio esterno dove rilassarsi. Lo spazio La casa, appena ristrutturata presenta: \u2022 Ingresso con zona giorno, cucina completa, tavolo da pranzo, ampio divano letto matrimoniale, Smart TV ed aria condizionata \u2022 Ampio spazio esterno con zona pranzo ed area relax comprensiva di divani e tavolo ed ombrellone \u2022 2 ampie stanze matrimoniali dotate di tutti i comfort come l\u2019armadio, la Smart TV e l\u2019aria condizionata (La camera principale \u00e8 dotata di bagno in suite e balconcino privato) \u2022 2 bagni completi di ogni servizio necessario con doccia, bidet e lavabo. Accesso per gli ospiti L\\&#8217;appartamento intero, il giardino condominiale. Altre cose da tenere a mente Per accedere all\\&#8217;appartamento \u00e8 necessario percorrere una rampa di scale (contattare gli host in caso di necessit\u00e0).<\/p>\n\n                            <\/div>\n\t\t\t\t\t\t\n<h3 class=\"mphb-room-type-details-title\">Dettagli<\/h3><ul class=\"mphb-loop-room-type-attributes\">\n\n\n\t<li class=\"mphb-room-type-adults-capacity\"><span class=\"mphb-attribute-title mphb-adults-title\">Adulti:<\/span><span class=\"mphb-attribute-value\">\n\t6\n\t<\/span><\/li>\n\t\n\n\n\t<li class=\"mphb-room-type-facilities\"><span class=\"mphb-attribute-title mphb-facilities-title\">Servizi:<\/span><span class=\"mphb-attribute-value\"> <span class=\"facility-2-bagni\"><a href=\"https:\/\/siti-clienti.bidesign.it\/case-vacanza\/accommodation-facility\/2-bagni\/\">2 Bagni<\/a><\/span>, <span class=\"facility-animali-domestici-ammessi\"><a href=\"https:\/\/siti-clienti.bidesign.it\/case-vacanza\/accommodation-facility\/animali-domestici-ammessi\/\">Animali domestici ammessi<\/a><\/span>, <span class=\"facility-aria-condizionata\"><a href=\"https:\/\/siti-clienti.bidesign.it\/case-vacanza\/accommodation-facility\/aria-condizionata\/\">Aria condizionata<\/a><\/span>, <span class=\"facility-cucina\"><a href=\"https:\/\/siti-clienti.bidesign.it\/case-vacanza\/accommodation-facility\/cucina\/\">Cucina<\/a><\/span>, <span class=\"facility-lavatrice\"><a href=\"https:\/\/siti-clienti.bidesign.it\/case-vacanza\/accommodation-facility\/lavatrice\/\">Lavatrice<\/a><\/span>, <span class=\"facility-parcheggio-gratuito-in-strada\"><a href=\"https:\/\/siti-clienti.bidesign.it\/case-vacanza\/accommodation-facility\/parcheggio-gratuito-in-strada\/\">Parcheggio gratuito in strada<\/a><\/span>, <span class=\"facility-spazio-di-lavoro-dedicato\"><a href=\"https:\/\/siti-clienti.bidesign.it\/case-vacanza\/accommodation-facility\/spazio-di-lavoro-dedicato\/\">Spazio di lavoro dedicato<\/a><\/span>, <span class=\"facility-tv\"><a href=\"https:\/\/siti-clienti.bidesign.it\/case-vacanza\/accommodation-facility\/tv\/\">TV<\/a><\/span>, <span class=\"facility-wi-fi\"><a href=\"https:\/\/siti-clienti.bidesign.it\/case-vacanza\/accommodation-facility\/wi-fi\/\">Wi-fi<\/a><\/span><\/span><\/li>\n\t\n\n\n\n\n\n\t<li class=\"mphb-room-type-bed-type\"><span  class=\"mphb-attribute-title mphb-bed-type-title\">Tipologia di letto:<\/span><span class=\"mphb-attribute-value\">\n\t2 Letti matrimoniali, 1 Divano letto\n\t<\/span><\/li>\n\t\n\n<\/ul>                    <\/div>\n\t\t\t\t                    <div class=\"mphb-room-type-buttons\">\n\t\t\t\t\t\t\n<div class=\"mphb-to-book-btn-wrapper\">\n<form action=\"https:\/\/siti-clienti.bidesign.it\/case-vacanza\/accommodation\/casafonti25-urbangardenmetroa\/#booking-form-89\" method=\"get\" ><button type=\"submit\" class=\"button mphb-book-button\" ><svg enable-background=\"new 0 0 30.99 6.99\" \n\t\t\t\tviewBox=\"0 0 30.99 6.99\" xml:space=\"preserve\" xmlns=\"http:\/\/www.w3.org\/2000\/svg\">\n            \t<rect y=\"3\" width=\"30\" height=\"1\"><\/rect><polyline points=\"26.78 0.68 28.18 2.08 29.58 3.48 26.8 6.26 \n            \t27.53 6.99 30.99 3.53 27.46 0\"><\/polyline><\/svg>Book now<\/button><\/form>\n<\/div>\n<p class=\"mphb-view-details-button-wrapper\">\n<a class=\"button mphb-view-details-button\" href=\"https:\/\/siti-clienti.bidesign.it\/case-vacanza\/accommodation\/casafonti25-urbangardenmetroa\/\" >Visualizza dettagli<\/a>\n<\/p>                    <\/div>\n\t\t\t\t            <\/div>\n        <\/div>\n\t\n<\/div>\n\n\n<div class=\"mphb-room-type post-87 mphb_room_type type-mphb_room_type status-publish has-post-thumbnail mphb_room_type_facility-1-bagno mphb_room_type_facility-animali-domestici-ammessi mphb_room_type_facility-cucina mphb_room_type_facility-hdtv-da-50-pollici-con-netflix mphb_room_type_facility-parcheggio-gratuito-nella-proprieta mphb_room_type_facility-spazio-di-lavoro-dedicato mphb_room_type_facility-vista-sul-cortile mphb_room_type_facility-vista-sul-panorama-urbano mphb_room_type_facility-wi-fi mphb-room-type-adults-4 mphb-room-type-children-0 \">\n\n\t\n\t\n\n\t<div class=\"mphb-room-type-images\">\n\t\n\t<\/div>\n\t        <div class=\"mphb-room-type-content-wrapper\">\n            <div class=\"mphb-room-type-content\">\n\t\t\t\t                    <div class=\"mphb-room-type-description\">\n\t\t\t\t\t\t\n<h2 class=\"mphb-room-type-title entry-title\">\n\n<a class=\"mphb-room-type-title\" href=\"https:\/\/siti-clienti.bidesign.it\/case-vacanza\/accommodation\/casacaffarella74-parcheggio-gratuito-metro-a-2\/\">CasaCaffarella74 &#8211; Parcheggio GRATUITO [METRO A]<\/a>\n\n<\/h2>\n                            <div class=\"mphb-room-type-excerpt\">\n\t\t\t\t\t\t\t\t\n\n<p>Benvenuti nella nostra incantevole casa a Roma, immersa nel cuore della splendida area del Parco dell\u2019Appia Antica. Situata a breve distanza dai principali siti storici e culturali della citt\u00e0 offre una base ideale per esplorare la capitale italiana. Dotata di parcheggio gratuito e ben collegata con autobus e metro (Colosseo 2.3km; Metro A Ponte Lungo &#8211; 10 min). La casa, appena ristrutturata dispone di tutte le comodit\u00e0 necessarie per rendere il vostro soggiorno confortevole. Lo spazio La casa, appena ristrutturata con cura, presenta: \u2022 ingresso con zona giorno, cucina completa, tavolo da pranzo e divano letto matrimoniale. \u2022 un primo ampio spazio esterno con area relax e bancone per colazioni all\u2019aria aperta o lavorare. \u2022 un ampia camera da letto matrimoniale, con bagno finestrato in camera, armadio ed accesso al terrazzo panoramico della stanza. \u2022 un grande giardino condominiale, confinante con il Parco Regionale dell\u2019Appia Antica, circonda la palazzina che \u00e8 situata in un punto strategico e unico della citt\u00e0. \u2022 parcheggio privato Accesso per gli ospiti L\\&#8217;appartamento intero, il parcheggio , il giardino condominiale. Altre cose da tenere a mente La casa presenta il bagno in camera. Il condominio \u00e8 dotato di ascensore accessibile dal piano rialzato (8 scalini).<\/p>\n\n                            <\/div>\n\t\t\t\t\t\t\n<h3 class=\"mphb-room-type-details-title\">Dettagli<\/h3><ul class=\"mphb-loop-room-type-attributes\">\n\n\n\t<li class=\"mphb-room-type-adults-capacity\"><span class=\"mphb-attribute-title mphb-adults-title\">Adulti:<\/span><span class=\"mphb-attribute-value\">\n\t4\n\t<\/span><\/li>\n\t\n\n\n\t<li class=\"mphb-room-type-facilities\"><span class=\"mphb-attribute-title mphb-facilities-title\">Servizi:<\/span><span class=\"mphb-attribute-value\"> <span class=\"facility-1-bagno\"><a href=\"https:\/\/siti-clienti.bidesign.it\/case-vacanza\/accommodation-facility\/1-bagno\/\">1 Bagno<\/a><\/span>, <span class=\"facility-animali-domestici-ammessi\"><a href=\"https:\/\/siti-clienti.bidesign.it\/case-vacanza\/accommodation-facility\/animali-domestici-ammessi\/\">Animali domestici ammessi<\/a><\/span>, <span class=\"facility-cucina\"><a href=\"https:\/\/siti-clienti.bidesign.it\/case-vacanza\/accommodation-facility\/cucina\/\">Cucina<\/a><\/span>, <span class=\"facility-hdtv-da-50-pollici-con-netflix\"><a href=\"https:\/\/siti-clienti.bidesign.it\/case-vacanza\/accommodation-facility\/hdtv-da-50-pollici-con-netflix\/\">HDTV da 50 pollici con Netflix<\/a><\/span>, <span class=\"facility-parcheggio-gratuito-nella-proprieta\"><a href=\"https:\/\/siti-clienti.bidesign.it\/case-vacanza\/accommodation-facility\/parcheggio-gratuito-nella-proprieta\/\">Parcheggio gratuito nella propriet\u00e0<\/a><\/span>, <span class=\"facility-spazio-di-lavoro-dedicato\"><a href=\"https:\/\/siti-clienti.bidesign.it\/case-vacanza\/accommodation-facility\/spazio-di-lavoro-dedicato\/\">Spazio di lavoro dedicato<\/a><\/span>, <span class=\"facility-vista-sul-cortile\"><a href=\"https:\/\/siti-clienti.bidesign.it\/case-vacanza\/accommodation-facility\/vista-sul-cortile\/\">Vista sul cortile<\/a><\/span>, <span class=\"facility-vista-sul-panorama-urbano\"><a href=\"https:\/\/siti-clienti.bidesign.it\/case-vacanza\/accommodation-facility\/vista-sul-panorama-urbano\/\">Vista sul panorama urbano<\/a><\/span>, <span class=\"facility-wi-fi\"><a href=\"https:\/\/siti-clienti.bidesign.it\/case-vacanza\/accommodation-facility\/wi-fi\/\">Wi-fi<\/a><\/span><\/span><\/li>\n\t\n\n\n\n\n\n\t<li class=\"mphb-room-type-bed-type\"><span  class=\"mphb-attribute-title mphb-bed-type-title\">Tipologia di letto:<\/span><span class=\"mphb-attribute-value\">\n\tLetto matrimoniale, Divano letto\n\t<\/span><\/li>\n\t\n\n<\/ul>                    <\/div>\n\t\t\t\t                    <div class=\"mphb-room-type-buttons\">\n\t\t\t\t\t\t\n<div class=\"mphb-to-book-btn-wrapper\">\n<form action=\"https:\/\/siti-clienti.bidesign.it\/case-vacanza\/accommodation\/casacaffarella74-parcheggio-gratuito-metro-a-2\/#booking-form-87\" method=\"get\" ><button type=\"submit\" class=\"button mphb-book-button\" ><svg enable-background=\"new 0 0 30.99 6.99\" \n\t\t\t\tviewBox=\"0 0 30.99 6.99\" xml:space=\"preserve\" xmlns=\"http:\/\/www.w3.org\/2000\/svg\">\n            \t<rect y=\"3\" width=\"30\" height=\"1\"><\/rect><polyline points=\"26.78 0.68 28.18 2.08 29.58 3.48 26.8 6.26 \n            \t27.53 6.99 30.99 3.53 27.46 0\"><\/polyline><\/svg>Book now<\/button><\/form>\n<\/div>\n<p class=\"mphb-view-details-button-wrapper\">\n<a class=\"button mphb-view-details-button\" href=\"https:\/\/siti-clienti.bidesign.it\/case-vacanza\/accommodation\/casacaffarella74-parcheggio-gratuito-metro-a-2\/\" >Visualizza dettagli<\/a>\n<\/p>                    <\/div>\n\t\t\t\t            <\/div>\n        <\/div>\n\t\n<\/div>\n\n\n<div class=\"mphb-room-type post-86 mphb_room_type type-mphb_room_type status-publish has-post-thumbnail mphb_room_type_facility-1-bagno mphb_room_type_facility-animali-domestici-ammessi mphb_room_type_facility-aria-condizionata mphb_room_type_facility-cucina mphb_room_type_facility-lavatrice mphb_room_type_facility-lungomare mphb_room_type_facility-spazio-di-lavoro-dedicato mphb_room_type_facility-tv mphb_room_type_facility-wi-fi mphb-room-type-adults-4 mphb-room-type-children-0 \">\n\n\t\n\t\n\n\t<div class=\"mphb-room-type-images\">\n\t\n\t<\/div>\n\t        <div class=\"mphb-room-type-content-wrapper\">\n            <div class=\"mphb-room-type-content\">\n\t\t\t\t                    <div class=\"mphb-room-type-description\">\n\t\t\t\t\t\t\n<h2 class=\"mphb-room-type-title entry-title\">\n\n<a class=\"mphb-room-type-title\" href=\"https:\/\/siti-clienti.bidesign.it\/case-vacanza\/accommodation\/appartamento-a-trapani-2\/\">VistaMare13 [City Center] Trapani Porto<\/a>\n\n<\/h2>\n                            <div class=\"mphb-room-type-excerpt\">\n\t\t\t\t\t\t\t\t\n\n<p>Situato in una posizione centrale, sul porto e con una rilassante vista sul mare, l\\&#8217;appartamento offre tutto il necessario per un soggiorno confortevole e indimenticabile. L\\&#8217;alloggio dispone di una camera da letto matrimoniale, 2 divani letto, un bagno moderno e funzionale e un angolo cottura attrezzato per preparare i vostri pasti in autonomia. La splendida vista mare regaler\u00e0 momenti di relax e romanticismo. Wi-Fi e biancheria sono a disposizione degli ospiti. Lo spazio L\\&#8217;appartamento, appena ristrutturato, \u00e8 situato in una zona strategica della citt\u00e0 di Trapani, sul porto ed alle porte del centro storico. Ben collegato con tutti i servizi di trasporto per l\\&#8217;aeroporto e per le isole Egadi (30 metri). Si compone di una camera con comodo letto matrimoniale per riposare dopo una giornata alle Isole Egadi o mare , un salone con comodo divano letto e vista mare, un bagno ristrutturato, un angolo cottura fornito di tutti i servizi necessari ed un ampio ingresso vivibile. L\\&#8217;acqua, come in gran parte della citt\u00e0, non \u00e8 corrente, pertanto non \u00e8 potabile ed \u00e8 in quantit\u00e0 limitata. Si invitano gli ospiti ad utilizzarla con attenzione. Accesso per gli ospiti L\\&#8217;intero appartamento \u00e8 a disposizione. Altre cose da tenere a mente L\\&#8217;appartamento \u00e8 al secondo piano di una piccola palazzina, non dotato di ascensore. L\\&#8217;acqua, come in tutta la citt\u00e0, non \u00e8 potabile ed \u00e8 limitata.<\/p>\n\n                            <\/div>\n\t\t\t\t\t\t\n<h3 class=\"mphb-room-type-details-title\">Dettagli<\/h3><ul class=\"mphb-loop-room-type-attributes\">\n\n\n\t<li class=\"mphb-room-type-adults-capacity\"><span class=\"mphb-attribute-title mphb-adults-title\">Adulti:<\/span><span class=\"mphb-attribute-value\">\n\t4\n\t<\/span><\/li>\n\t\n\n\n\t<li class=\"mphb-room-type-facilities\"><span class=\"mphb-attribute-title mphb-facilities-title\">Servizi:<\/span><span class=\"mphb-attribute-value\"> <span class=\"facility-1-bagno\"><a href=\"https:\/\/siti-clienti.bidesign.it\/case-vacanza\/accommodation-facility\/1-bagno\/\">1 Bagno<\/a><\/span>, <span class=\"facility-animali-domestici-ammessi\"><a href=\"https:\/\/siti-clienti.bidesign.it\/case-vacanza\/accommodation-facility\/animali-domestici-ammessi\/\">Animali domestici ammessi<\/a><\/span>, <span class=\"facility-aria-condizionata\"><a href=\"https:\/\/siti-clienti.bidesign.it\/case-vacanza\/accommodation-facility\/aria-condizionata\/\">Aria condizionata<\/a><\/span>, <span class=\"facility-cucina\"><a href=\"https:\/\/siti-clienti.bidesign.it\/case-vacanza\/accommodation-facility\/cucina\/\">Cucina<\/a><\/span>, <span class=\"facility-lavatrice\"><a href=\"https:\/\/siti-clienti.bidesign.it\/case-vacanza\/accommodation-facility\/lavatrice\/\">Lavatrice<\/a><\/span>, <span class=\"facility-lungomare\"><a href=\"https:\/\/siti-clienti.bidesign.it\/case-vacanza\/accommodation-facility\/lungomare\/\">Lungomare<\/a><\/span>, <span class=\"facility-spazio-di-lavoro-dedicato\"><a href=\"https:\/\/siti-clienti.bidesign.it\/case-vacanza\/accommodation-facility\/spazio-di-lavoro-dedicato\/\">Spazio di lavoro dedicato<\/a><\/span>, <span class=\"facility-tv\"><a href=\"https:\/\/siti-clienti.bidesign.it\/case-vacanza\/accommodation-facility\/tv\/\">TV<\/a><\/span>, <span class=\"facility-wi-fi\"><a href=\"https:\/\/siti-clienti.bidesign.it\/case-vacanza\/accommodation-facility\/wi-fi\/\">Wi-fi<\/a><\/span><\/span><\/li>\n\t\n\n\n\n\n\n\t<li class=\"mphb-room-type-bed-type\"><span  class=\"mphb-attribute-title mphb-bed-type-title\">Tipologia di letto:<\/span><span class=\"mphb-attribute-value\">\n\tLetto matrimoniale, Divano letto\n\t<\/span><\/li>\n\t\n\n<\/ul>                    <\/div>\n\t\t\t\t                    <div class=\"mphb-room-type-buttons\">\n\t\t\t\t\t\t\n<div class=\"mphb-to-book-btn-wrapper\">\n<form action=\"https:\/\/siti-clienti.bidesign.it\/case-vacanza\/accommodation\/appartamento-a-trapani-2\/#booking-form-86\" method=\"get\" ><button type=\"submit\" class=\"button mphb-book-button\" ><svg enable-background=\"new 0 0 30.99 6.99\" \n\t\t\t\tviewBox=\"0 0 30.99 6.99\" xml:space=\"preserve\" xmlns=\"http:\/\/www.w3.org\/2000\/svg\">\n            \t<rect y=\"3\" width=\"30\" height=\"1\"><\/rect><polyline points=\"26.78 0.68 28.18 2.08 29.58 3.48 26.8 6.26 \n            \t27.53 6.99 30.99 3.53 27.46 0\"><\/polyline><\/svg>Book now<\/button><\/form>\n<\/div>\n<p class=\"mphb-view-details-button-wrapper\">\n<a class=\"button mphb-view-details-button\" href=\"https:\/\/siti-clienti.bidesign.it\/case-vacanza\/accommodation\/appartamento-a-trapani-2\/\" >Visualizza dettagli<\/a>\n<\/p>                    <\/div>\n\t\t\t\t            <\/div>\n        <\/div>\n\t\n<\/div>\n\n    <\/div>\n\t<\/div><\/div>\n\t\t\t\t\t\t<\/div>\n\t\t\t\t\t<\/div>\n\t\t\t\t<\/div>\n\t\t\t\t<\/div>\n\t\t","protected":false},"excerpt":{"rendered":"","protected":false},"author":1,"featured_media":0,"parent":0,"menu_order":0,"comment_status":"closed","ping_status":"closed","template":"elementor_header_footer","meta":{"_kadence_starter_templates_imported_post":false,"footnotes":""},"class_list":["post-66","page","type-page","status-publish","hentry"],"yoast_head":"<!-- This site is optimized with the Yoast SEO plugin v27.2 - https:\/\/yoast.com\/product\/yoast-seo-wordpress\/ -->\n<title>Prenota ora - Aura Apartments<\/title>\n<meta name=\"robots\" content=\"noindex, follow, max-snippet:-1, max-image-preview:large, max-video-preview:-1\" \/>\n<meta property=\"og:locale\" content=\"it_IT\" \/>\n<meta property=\"og:type\" content=\"article\" \/>\n<meta property=\"og:title\" content=\"Prenota ora - Aura Apartments\" \/>\n<meta property=\"og:url\" content=\"https:\/\/siti-clienti.bidesign.it\/case-vacanza\/prenota-ora\/\" \/>\n<meta property=\"og:site_name\" content=\"Aura Apartments\" \/>\n<meta property=\"article:modified_time\" content=\"2026-02-06T13:30:48+00:00\" \/>\n<meta name=\"twitter:card\" content=\"summary_large_image\" \/>\n<script type=\"application\/ld+json\" class=\"yoast-schema-graph\">{\"@context\":\"https:\/\/schema.org\",\"@graph\":[{\"@type\":\"WebPage\",\"@id\":\"https:\/\/siti-clienti.bidesign.it\/case-vacanza\/prenota-ora\/\",\"url\":\"https:\/\/siti-clienti.bidesign.it\/case-vacanza\/prenota-ora\/\",\"name\":\"Prenota ora - Aura Apartments\",\"isPartOf\":{\"@id\":\"https:\/\/siti-clienti.bidesign.it\/case-vacanza\/#website\"},\"datePublished\":\"2026-02-06T13:30:33+00:00\",\"dateModified\":\"2026-02-06T13:30:48+00:00\",\"breadcrumb\":{\"@id\":\"https:\/\/siti-clienti.bidesign.it\/case-vacanza\/prenota-ora\/#breadcrumb\"},\"inLanguage\":\"it-IT\",\"potentialAction\":[{\"@type\":\"ReadAction\",\"target\":[\"https:\/\/siti-clienti.bidesign.it\/case-vacanza\/prenota-ora\/\"]}]},{\"@type\":\"BreadcrumbList\",\"@id\":\"https:\/\/siti-clienti.bidesign.it\/case-vacanza\/prenota-ora\/#breadcrumb\",\"itemListElement\":[{\"@type\":\"ListItem\",\"position\":1,\"name\":\"Home\",\"item\":\"https:\/\/siti-clienti.bidesign.it\/case-vacanza\/\"},{\"@type\":\"ListItem\",\"position\":2,\"name\":\"Prenota ora\"}]},{\"@type\":\"WebSite\",\"@id\":\"https:\/\/siti-clienti.bidesign.it\/case-vacanza\/#website\",\"url\":\"https:\/\/siti-clienti.bidesign.it\/case-vacanza\/\",\"name\":\"Aura Apartments\",\"description\":\"\",\"potentialAction\":[{\"@type\":\"SearchAction\",\"target\":{\"@type\":\"EntryPoint\",\"urlTemplate\":\"https:\/\/siti-clienti.bidesign.it\/case-vacanza\/?s={search_term_string}\"},\"query-input\":{\"@type\":\"PropertyValueSpecification\",\"valueRequired\":true,\"valueName\":\"search_term_string\"}}],\"inLanguage\":\"it-IT\"}]}<\/script>\n<!-- \/ Yoast SEO plugin. -->","yoast_head_json":{"title":"Prenota ora - Aura Apartments","robots":{"index":"noindex","follow":"follow","max-snippet":"max-snippet:-1","max-image-preview":"max-image-preview:large","max-video-preview":"max-video-preview:-1"},"og_locale":"it_IT","og_type":"article","og_title":"Prenota ora - Aura Apartments","og_url":"https:\/\/siti-clienti.bidesign.it\/case-vacanza\/prenota-ora\/","og_site_name":"Aura Apartments","article_modified_time":"2026-02-06T13:30:48+00:00","twitter_card":"summary_large_image","schema":{"@context":"https:\/\/schema.org","@graph":[{"@type":"WebPage","@id":"https:\/\/siti-clienti.bidesign.it\/case-vacanza\/prenota-ora\/","url":"https:\/\/siti-clienti.bidesign.it\/case-vacanza\/prenota-ora\/","name":"Prenota ora - Aura Apartments","isPartOf":{"@id":"https:\/\/siti-clienti.bidesign.it\/case-vacanza\/#website"},"datePublished":"2026-02-06T13:30:33+00:00","dateModified":"2026-02-06T13:30:48+00:00","breadcrumb":{"@id":"https:\/\/siti-clienti.bidesign.it\/case-vacanza\/prenota-ora\/#breadcrumb"},"inLanguage":"it-IT","potentialAction":[{"@type":"ReadAction","target":["https:\/\/siti-clienti.bidesign.it\/case-vacanza\/prenota-ora\/"]}]},{"@type":"BreadcrumbList","@id":"https:\/\/siti-clienti.bidesign.it\/case-vacanza\/prenota-ora\/#breadcrumb","itemListElement":[{"@type":"ListItem","position":1,"name":"Home","item":"https:\/\/siti-clienti.bidesign.it\/case-vacanza\/"},{"@type":"ListItem","position":2,"name":"Prenota ora"}]},{"@type":"WebSite","@id":"https:\/\/siti-clienti.bidesign.it\/case-vacanza\/#website","url":"https:\/\/siti-clienti.bidesign.it\/case-vacanza\/","name":"Aura Apartments","description":"","potentialAction":[{"@type":"SearchAction","target":{"@type":"EntryPoint","urlTemplate":"https:\/\/siti-clienti.bidesign.it\/case-vacanza\/?s={search_term_string}"},"query-input":{"@type":"PropertyValueSpecification","valueRequired":true,"valueName":"search_term_string"}}],"inLanguage":"it-IT"}]}},"_links":{"self":[{"href":"https:\/\/siti-clienti.bidesign.it\/case-vacanza\/wp-json\/wp\/v2\/pages\/66","targetHints":{"allow":["GET"]}}],"collection":[{"href":"https:\/\/siti-clienti.bidesign.it\/case-vacanza\/wp-json\/wp\/v2\/pages"}],"about":[{"href":"https:\/\/siti-clienti.bidesign.it\/case-vacanza\/wp-json\/wp\/v2\/types\/page"}],"author":[{"embeddable":true,"href":"https:\/\/siti-clienti.bidesign.it\/case-vacanza\/wp-json\/wp\/v2\/users\/1"}],"replies":[{"embeddable":true,"href":"https:\/\/siti-clienti.bidesign.it\/case-vacanza\/wp-json\/wp\/v2\/comments?post=66"}],"version-history":[{"count":4,"href":"https:\/\/siti-clienti.bidesign.it\/case-vacanza\/wp-json\/wp\/v2\/pages\/66\/revisions"}],"predecessor-version":[{"id":109,"href":"https:\/\/siti-clienti.bidesign.it\/case-vacanza\/wp-json\/wp\/v2\/pages\/66\/revisions\/109"}],"wp:attachment":[{"href":"https:\/\/siti-clienti.bidesign.it\/case-vacanza\/wp-json\/wp\/v2\/media?parent=66"}],"curies":[{"name":"wp","href":"https:\/\/api.w.org\/{rel}","templated":true}]}}